
-24013
In base 16, what is -d - 108?
-115
In base 16, what is 1 + 2fb?
2fc
In base 13, what is 22c - 0?
22c
In base 14, what is -97 + -7?
-a0
In base 7, what is 30 - -151?
211
In base 15, what is 128e + 3?
1292
In base 4, what is 311 - -11?
322
In base 14, what is -1 - -d97?
d96
In base 8, what is -5 - -35?
30
In base 2, what is 11111001 - 100?
11110101
In base 2, what is -101111 - 10?
-110001
In base 12, what is -53a - 12?
-550
In base 16, what is 2 + 2?
4
In base 12, what is 3a3 - -5?
3a8
In base 9, what is 1 + -41?
-40
In base 4, what is -210 - -222?
12
In base 15, what is 11d + 18?
136
In base 10, what is 6 - 1?
5
In base 4, what is 111 - 13?
32
In base 9, what is 53843 - -3?
53846
In base 16, what is 26 + -3?
23
In base 14, what is ca + -3?
c7
In base 11, what is 2 + -1aa?
-1a8
In base 2, what is -101110111 - 100000?
-110010111
In base 4, what is -10003 + 0?
-10003
In base 2, what is 1001011 + -11100?
101111
In base 14, what is 399 - -2?
39b
In base 12, what is 5 + 1408?
1411
In base 6, what is -13435 + 2?
-13433
In base 9, what is -127 + 64?
-53
In base 3, what is -2 - 20020010?
-20020012
In base 11, what is 6a + -7?
63
In base 9, what is -204 + -77?
-282
In base 6, what is 1211 + -101?
1110
In base 16, what is -1 + -1?
-2
In base 8, what is 2 + -1606?
-1604
In base 2, what is 10000001101 + 10?
10000001111
In base 5, what is 43 + 11?
104
In base 12, what is 339 + -4?
335
In base 12, what is -5 + 49?
44
In base 5, what is -10 - 102042?
-102102
In base 13, what is -3a84 + 0?
-3a84
In base 6, what is -22 + 30?
4
In base 5, what is -1230 + -10?
-1240
In base 2, what is -101001 + 10?
-100111
In base 4, what is -13 + -303?
-322
In base 8, what is 145 - 0?
145
In base 7, what is -1 - 521?
-522
In base 4, what is -1 + -300?
-301
In base 6, what is -2 + -311?
-313
In base 2, what is 10001000 + 0?
10001000
In base 15, what is 4 + -1d5a?
-1d56
In base 15, what is -a157 - 5?
-a15c
In base 3, what is -102110100 - 1?
-102110101
In base 8, what is 175 + 3?
200
In base 8, what is 4 + -66?
-62
In base 12, what is 20 - -71?
91
In base 13, what is -3c - -12?
-2a
In base 6, what is 43313 + -4?
43305
In base 15, what is -12 + 2a?
18
In base 9, what is 5 - 425?
-420
In base 10, what is -4 + -50?
-54
In base 11, what is 1609 + -1?
1608
In base 16, what is 3 + -9b9?
-9b6
In base 8, what is -5 - -1441?
1434
In base 16, what is -1 - -1?
0
In base 3, what is -12 + -222100?
-222112
In base 6, what is -52 + -15?
-111
In base 8, what is -14 + -111?
-125
In base 3, what is 12012 + 2?
12021
In base 5, what is 4 - 20423?
-20414
In base 7, what is 1140 + 22?
1162
In base 7, what is 0 - 44?
-44
In base 7, what is 22 + 21?
43
In base 16, what is -67c - 9?
-685
In base 5, what is 143 + 4?
202
In base 15, what is -11 - -c0?
ae
In base 3, what is -122212221 - 2?
-122220000
In base 13, what is abb + -5?
ab6
In base 14, what is -1 + -736?
-737
In base 7, what is -4 - 10056?
-10063
In base 15, what is -d86c - -4?
-d868
In base 15, what is d3 + -1?
d2
In base 11, what is -60 + -1?
-61
In base 6, what is -44 + -4?
-52
In base 14, what is -4d + -7c?
-cb
In base 5, what is 1 + 40?
41
In base 11, what is -4 - 37?
-40
In base 14, what is 1ad2 + 4?
1ad6
In base 14, what is 2 - 23b?
-239
In base 5, what is -21 + -120?
-141
In base 8, what is 102 + -4?
76
In base 5, what is -10 + -23?
-33
In base 13, what is cc - 7?
c5
In base 15, what is -3 - -194?
191
In base 13, what is -11 - 2b?
-3c
In base 9, what is -4 - 1380?
-1384
In base 7, what is -640 - 3?
-643
In base 5, what is -12010 + 2?
-12003
In base 3, what is 2 - 120?
-111
In base 10, what is 19 - -142?
161
In base 13, what is 113 - 4?
10c
In base 5, what is 3432 + 2?
3434
In base 11, what is -4 - -150?
147
In base 15, what is -19 + 0?
-19
In base 16, what is 5 + -135?
-130
In base 11, what is -6 + -13?
-19
In base 3, what is -22102020 + 1?
-22102012
In base 6, what is 3205 + -12?
3153
In base 10, what is -31 + 16?
-15
In base 11, what is 1 - a3?
-a2
In base 6, what is -1322 - 3?
-1325
In base 15, what is c9 + -16?
b3
In base 16, what is -73 - b?
-7e
In base 16, what is -b - -6?
-5
In base 7, what is -231 - 46?
-310
In base 4, what is -3103020 - -11?
-3103003
In base 11, what is 5 + 196?
1a0
In base 8, what is -103 + 3?
-100
In base 11, what is 5a5 + 0?
5a5
In base 14, what is -c4 + 3?
-c1
In base 8, what is -2 + -21?
-23
In base 2, what is 11 - 101001101?
-101001010
In base 14, what is 162 - 4?
15c
In base 6, what is -120451 + 2?
-120445
In base 5, what is -2214 + 4?
-2210
In base 14, what is 101 - -2?
103
In base 3, what is -211110 - -2?
-211101
In base 10, what is -16 + -210?
-226
In base 10, what is 6 + 249?
255
In base 12, what is -12 + -110?
-122
In base 16, what is -57 + e?
-49
In base 2, what is 11100110 + -1?
11100101
In base 15, what is 3a - 2?
38
In base 6, what is 22 + -51?
-25
In base 4, what is -10 + 2220?
2210
In base 10, what is 1 + -28?
-27
In base 15, what is -10 - -145?
135
In base 3, what is 11 - 21012100?
-21012012
In base 5, what is 20414 - 0?
20414
In base 8, what is -547 - 23?
-572
In base 4, what is 2 - -32321?
32323
In base 3, what is 12212 + -10?
12202
In base 11, what is 0 + 1682?
1682
In base 6, what is 3 + -4555?
-4552
In base 16, what is 4 + 2ce?
2d2
In base 13, what is -c + 2ba?
2ab
In base 14, what is 1b + 1b?
38
In base 2, what is 1000010 + -1111?
110011
In base 3, what is 1022 + 200000?
201022
In base 7, what is -4 + 20534?
20530
In base 7, what is 2456 - 5?
2451
In base 11, what is -65 + -39?
-a3
In base 5, what is -3102 + 10?
-3042
In base 4, what is -3303 + -3?
-3312
In base 13, what is 0 + 21?
21
In base 14, what is 3 + -16?
-13
In base 10, what is -5 - 38?
-43
In base 9, what is 40 - -6?
46
In base 14, what is 33 + 5?
38
In base 10, what is -26 + 132?
106
In base 8, what is -6 - -42?
34
In base 3, what is 11100102 + -2?
11100100
In base 4, what is 3110330 + 1?
3110331
In base 6, what is -5 - -1032?
1023
In base 11, what is 7 - -1?
8
In base 6, what is 35 + 12?
51
In base 6, what is -200 - -1?
-155
In base 5, what is 10 - 2134?
-2124
In base 4, what is 11323 - -3?
11332
In base 9, what is 617 + 0?
617
In base 3, what is 2 - 11211?
-11202
In base 6, what is 14 - -51?
105
In base 6, what is -41555 + -10?
-42005
In base 16, what is -5 - -7ed?
7e8
In base 10, what is -21 - -15?
-6
In base 10, what is -77 - 2?
-79
In base 13, what is -a0 + 74?
-29
In base 6, what is 1 - 1032?
-1031
In base 15, what is 4 - 904?
-900
In base 6, what is 32 + -12?
20
In base 13, what is -469 - -3?
-466
In base 15, what is 12 - -1e?
31
In base 12, what is -15 + 6?
-b
In base 9, what is -1 + 21?
20
In base 13, what is -2c - -14?
-18
In base 9, what is 1 + -442?
-441
In base 13, what is 1b - 73?
-55
In base 8, what is 56 + 17?
75
In base 5, what is 2 - -132242?
132244
In base 5, what is -3 + -1233?
-1241
In base 7, what is -4046 - 4?
-4053
In base 8, what is 13 + -34?
-21
In base 16, what is -8 - 5b?
-63
In base 12, what is 10 + -4?
8
In base 16, what is -4 - -38a?
386
In base 6, what is 31 - 155?
-124
In base 15, what is 4e - 5?
49
In base 3, what is -12 + 200000?
122211
In base 11, what is -4 - -30?
27
In base 11, what is -5 - 14?
-19
In base 6, what is -25 + -2241?
-2310
In base 13, what is 199 + -2?
197
In base 4, what is 221 - 221?
0
In base 12, what is 121 + 1?
122
In base 14, what is -21a - -1?
-219
In base 4, what is 3 + -322021?
-322012
In base 13, what is 6b6 + -5?
6b1
In base 7, what is -12 - -3?
-6
In base 2, what is 1100101111 + -101?
1100101010
In base 11, what is 3 - 1389?
-1386
In base 6, what is -12015 - 4?
-12023
In base 5, what is 3 + -100231?
-100223
In base 6, what is -5 + 133?
124
In base 3, what is -21 + -10210?
-11001
In base 5, what is 4 + -320?
-311
In base 4, what is 11 - 23?
-12
In base 3, what is -102 - -11101?
10222
In base 2, what is 101 - 1001110?
-1001001
In base 16, what is -2 + -c28?
-c2a
In base 2, what is 0 + -1000100101?
-1000100101
In base 9, what is 5 - -4758?
4764
In base 12, what is -1a05 + -4?
-1a09
In base 11, what is 3 - -1?
4
In base 14, what is -5c + -4?
-62
In base 10, what is -2 - -1962?
1960
In base 14, what is -19 - 1a7?
-1c2
In base 3, what is 0 + -12021?
-12021
In base 12, what is -12 + 1?
-11
In base 2, what is 101 + 10001?
10110
In base 7, what is 142241 + -4?
14223